(-28) - (-2)/x. Let z(k) = k**2 + 3*k + 3. Determine z(v).
3
Let a(r) = 5*r**2 + 3*r - 4*r**2 - 8*r. Let k be a(4). Let u be (1 + 1)/(-2 - k). Let n(o) = 4*o**3 - o**2. Determine n(u).
3
Let c(v) = -v**3 + 5*v**2 + 7*v - 2. Suppose 0 = -5*m - a + 34, -a + 2 = -2. Calculate c(m).
4
Suppose 6*h + 24 = -0. Let t(q) = -7*q + 8. Let x(f) = 6*f - 7. Let a(i) = h*x(i) - 3*t(i). Calculate a(4).
-8
Let h(m) = 2*m**3 + 2*m**2 - m. Let f(s) = -7*s - 32. Let w be f(-5). Let l(o) = o. Let p be l(2). Suppose 5*q - p*q - w = 0. Calculate h(q).
3
Let k(x) be the second derivative of -x**5/20 + x**4/6 + x**3/2 - x**2/2 - 5*x. What is k(3)?
-1
Let w(k) = -3*k**3 - 6*k**2 - 7*k - 6. Let z(f) = f**3 + 3*f**2 + 3*f + 3. Let p(t) = 2*w(t) + 5*z(t). Determine p(4).
-9
Let s(h) = -h**2 - h + 5. Suppose 0 = 4*w + 63 - 15. Let u = w - -12. Give s(u).
5
Let x be 3/(3*(-2)/8). Let j(y) = -2*y**2 - y. Let w(i) = -i**2 + 1. Let o(s) = 2*j(s) - 3*w(s). Determine o(x).
-11
Suppose 0*u + 3*u - 5*q = 40, 5*u - q - 52 = 0. Let t be 6/15 + 46/u. Let a(x) = x + 5. What is a(t)?
10
Let d(m) = 7*m + 1 - m - 1 - 5 - m**2. Let y be d(5). Let g(l) = -l**3 - l - 4. Determine g(y).
-4
Let b(a) = -a + 8. Suppose 3*d - 3*s + 9 = 30, -5*s = -d + 19. Determine b(d).
4
Let n(f) = 7*f - 8*f + 0 + 8*f + 5. Let a(p) = 4*p + 3. Let r(v) = 10*a(v) - 6*n(v). What is r(-4)?
8
Let c(m) = 2*m - 1. Let s be ((-6)/(-5))/((-2)/(-5)). Give c(s).
5
Let k(x) = -1 + 9*x**2 - 2*x**3 + 3*x**3 - 2*x + 3*x - 6*x**2. Determine k(-2).
1
Let m(p) = -2*p - 4. Let d(u) = -3*u - 3. Let s(o) = -5*d(o) + 4*m(o). Determine s(1).
6
Let d(p) = p**2 + 6. Suppose -1 = 5*r - 11. Suppose -n = -0 - r. Let m = -2 + n. Calculate d(m).
6
Let l(r) be the third derivative of -r**7/5040 - r**6/240 - r**5/30 - r**2. Let h(i) be the third derivative of l(i). Suppose -20 = 3*v + v. What is h(v)?
2
Let l(t) = t**2. Let q be l(-2). Let h be 5/3 + (-2)/(-6). Let c(g) = -q*g - g + h*g. What is c(-1)?
3
Let f(d) = 3*d**2 - 2*d + 2. Let x be f(1). Let b(r) be the first derivative of r**4/4 - r**3 + r**2 - r - 1. Give b(x).
5
Let z(o) = -3*o**2 + 7*o - 5 + 2*o - 5*o. Let y(v) = -4*v**2 + 4*v - 6. Let l(r) = 5*y(r) - 6*z(r). Let a be -3*-1*(-2 + 1). Determine l(a).
-6
Suppose 3 = -4*z - 3*f + 8, -z - 2*f - 5 = 0. Suppose 0*p = z*p + 20. Let b(w) = -2*w. Calculate b(p).
8
Let a(l) be the second derivative of 2*l + 1/2*l**2 - 1/12*l**4 + 0 - l**3. Calculate a(-5).
6
Let t(n) be the first derivative of n**3/3 - 3*n**2/2 + 2. Let p be t(3). Let i(y) = -3 + 0 + p + y. Calculate i(0).
-3
Let i(l) = -l**3 + 5*l**2 + 6*l - 6. Suppose 0*c - 4*c = 3*d - 9, -c = d - 1. Give i(c).
-6
Let s be 1/(-3) + 35/15. Let v(g) = -3*g + s - 2*g + 2*g. Suppose -4*m + 10 = 2. Give v(m).
-4
Suppose -16*r = -13*r - 27. Let h(y) = -y + 16. Give h(r).
7
Let r(o) be the third derivative of -3*o**2 + 0*o + 0 - 7/6*o**3 - 1/8*o**4. Calculate r(-5).
8
Let p(m) be the first derivative of m**4/4 + 5*m**3/3 - 5*m**2/2 - m - 1. Let w = -9 + -6. Let t = -21 - w. What is p(t)?
-7
Let l = -4 + 2. Let y(d) = -7*d**2 - 2*d - 2 + d**3 + 7*d**2 + d**2. Determine y(l).
-2
Let y(i) be the third derivative of 0*i + 2/3*i**3 - 1/24*i**4 + 0 + 3*i**2. Determine y(6).
-2
Suppose 10*c = 4*c + 42. Let i(v) = -v**3 + 7*v**2 - 2*v + 10. Calculate i(c).
-4
Let c = -8 + 12. Suppose 0 = -5*f + c*f + 10. Suppose 2*d + 3*u + 4 - 21 = 0, 4*d - 2*u - f = 0. Let i(z) = -z**3 + 3*z**2 + 6*z - 5. Determine i(d).
3
Let l be (17 + -7)/(2 + -4). Let v(r) = -r**2 + 3*r + 4. Let c be v(4). Let t(f) = 0 - f + 1 + c. What is t(l)?
6
Suppose 2*t = -2*s - 4, -14 = 4*s + 2*t - t. Let d(a) be the third derivative of 0 + 1/4*a**4 + a**3 + 1/60*a**5 + 0*a - a**2. Determine d(s).
-2
Suppose -5 = 4*q - 3*l, 3*l = 2*q - q - 10. Let f(i) = i**2 + 5*i - 7. Give f(q).
-7
Let j(b) = -b + 4*b + 3 - 2*b - 4*b. Let m be j(2). Let c be 1*m*(-15)/9. Let u(z) = z**3 - 4*z**2 - 5*z + 3. What is u(c)?
3
Let z = 4 - 2. Let g(y) = -3 - y + z + y**2 - y. Let q(c) = c - 4. Let f be q(8). Give g(f).
7
Let h be 3/6*-4 - 0. Let d be h*(14/4 + -3). Let b(j) = -3*j**3 + j**2. Calculate b(d).
4
Suppose 4*q - 2*q = 0. Suppose -k = -q*k - 3. Let r(y) = -k + 2*y + 7 - 4. Give r(1).
2
Suppose 0 = 5*v + 4*y + y - 215, 4*y + 68 = 2*v. Let p be 15*(3 - v/12). Let q(k) = k**3 + 4*k**2 - 6*k + 1. Determine q(p).
6
Let t(o) be the first derivative of -o**4/4 - 2*o**3 - 2*o**2 + 5*o + 6. Calculate t(-5).
0
Let f(b) = b + 1. Let h(a) = -1. Let d(s) = f(s) - h(s). Determine d(-3).
-1
Suppose 5*o = -5 - 5. Let t(c) = -3*c + 1. Let n(q) = -7*q + 2. Let f(u) = 2*n(u) - 5*t(u). Give f(o).
-3
Let t(i) = -2*i + 6. Let l = -159 - -163. Calculate t(l).
-2
Let k(m) = -m**2 - 6*m - 5. Suppose 2*v - v = -5. Let i(u) = 2 + u - 1 + 0. Let q be i(v). What is k(q)?
3
Let z(p) = 5*p**2 + 11. Let q(c) = 4*c**2 - c + 10. Let y(b) = 6*q(b) - 5*z(b). Give y(-6).
5
Let m(z) be the third derivative of z**4/24 - 4*z**3/3 + 30*z**2. Give m(4).
-4
Let l = -24 - -9. Let k = -11 - l. Let n = -2 + k. Let s(b) = 3*b - 3. Give s(n).
3
Let h(t) = -t**2 - 2. Let y(q) = 5*q**2 + q + 8. Let v(p) = -9*h(p) - 2*y(p). Let r(d) = -3*d + 1 + 0 + 2*d - d**2. Let o(c) = 3*r(c) - 4*v(c). Determine o(-5).
-5
Suppose -4*l + 3 = -h + 10, h + 2*l = -5. Let w(m) = -5*m**2 + 1. Let s be w(h). Let a(v) = -v**2 - 6*v - 6. Determine a(s).
2
Suppose -2*b - 4*w - 4 = 0, 2*b + 0*w + 3 = -3*w. Let i be (0/4)/1 - b. Let m(y) = y. Give m(i).
0
Let k be 3 + 2*(-3)/2. Let u(x) = -6 - 2*x**2 - x - 3*x**2 + 4*x**2 - x**3. Calculate u(k).
-6
Let m(r) = r**2 - 4. Let i be m(0). Let j(l) = 14 - 2*l - 27 + 12. What is j(i)?
7
Let q(a) be the first derivative of a**4/4 + 4*a**3/3 - a**2/2 - 8. Determine q(-4).
4
Let r(y) be the first derivative of -y**4/4 + 2*y**3/3 + y**2 + 1. Let g(o) = 0*o - 2*o + 2 - 8. Let z be g(-4). Give r(z).
4
Let a(v) = 3*v**3 - 4*v**2 - 3*v - 10. Suppose 2*g + 0 = 2. Let d(p) = p**3 - p**2 - p. Let y(n) = g*a(n) - 4*d(n). Calculate y(0).
-10
Let g(o) be the third derivative of -o**5/60 - o**4/8 - o**3/2 + 2*o**2. Let x = -2 - 0. Give g(x).
-1
Let m(w) be the third derivative of w**4/24 + w**3/6 + w**2. Suppose 3 + 2 = -5*d. Calculate m(d).
0
Let l(t) = -6*t**2 - 2*t + 1. Let s be (-2)/(-3)*18/12. Determine l(s).
-7
Suppose -3 = -5*l + 7. Suppose -2*n - l*n = 16. Let a(v) be the second derivative of -v**5/20 - 5*v**4/12 - 5*v**3/6 + 2*v**2 + 2*v. What is a(n)?
8
Let p(d) be the second derivative of -d**3/6 + 37*d. What is p(4)?
-4
Let w(a) = -a + 4. Let t be 18/4*(-6)/9. Let i be 0 - (1 - 7) - 0. Let f = t + i. Calculate w(f).
1
Let g(y) = 11*y**2 + 2*y + 1. Suppose 3*n = 4*n + 10. Let x = n - -9. Determine g(x).
10
Suppose 4*y = -0 - 8. Let c(s) be the first derivative of -2 - s**2 - 2*s - 2*s**2 + 4*s**2. Calculate c(y).
-6
Let s(h) = 2*h - 4. Suppose -6*q - 6 = -9*q. Let o = 6 + -1. Let u = o - q. Calculate s(u).
2
Let f(u) be the first derivative of -u**3/6 + 3*u**2 + 4*u - 3. Let j(v) be the first derivative of f(v). Calculate j(3).
3
Let s = 5 + -5. Suppose h + s*h = 0. Let u(t) = t**2 - 1. Let x(d) = 3*d**2 + d - 8. Let a(n) = -2*u(n) + x(n). Give a(h).
-6
Suppose -3*h - s + 13 = -2*h, 0 = 4*h - s - 32. Suppose 0 = 4*w - h*w - 25. Let q(v) = -2*v - 7. Let c be q(w). Let l(k) = k**3 - 3*k**2 + 3*k - 4. Give l(c).
5
Suppose -3 - 3 = -i. Let n(k) = 6*k**2 - 6*k - 7. Let r(y) = -y - 1. Let f(l) = i*r(l) - n(l). Give f(1).
-5
Let w(x) = -x**2 + 10*x - 7. Let a(m) = -3*m - 19. Let c be a(-9). Determine w(c).
9
Let i(l) = -l**3 - 5*l**2 - 5*l - 2. Suppose -22 = s + 3*s - t, -t - 23 = 5*s. Determine i(s).
23
Let g = -1 + 1. Let r = 3 + g. Let b(d) = 2*d**2 - 8*d - 9. Let l(t) = 2*t**2 - 7*t - 8. Let o(h) = -4*b(h) + 5*l(h). What is o(r)?
5
Let v(d) = -d**3 - 5*d**2 + 14*d - 5. Let a(g) = -g**3 - 5*g**2 + 15*g - 6. Let c(z) = -6*a(z) + 7*v(z). Determine c(-6).
-11
Suppose 2*l - l = 0. Suppose q - 4 = -2. Let h(g) = q*g - g - 1 + 0 - g**2. What is h(l)?
-1
Let g(f) = -6*f - 63. Let p(t) = -t - 9. Let v(o) = -4*g(o) + 27*p(o). Let r(m) = 2*m - 9. Let n(b) = 4*r(b) + 3*v(b). What is n(-6)?
-3
Let s(b) = 3*b**2 + b - 2. Let j(c) = -c**2 + 6*c + 5. Suppose -8 = -5*a + 27. Let z be j(a). Determine s(z).
8
Let w(t) = t**2 + t - 3. Let d = -4 + 6. Let z = 1 + d. What is w(z)?
9
Let k(o) = -2*o. Let 